re the prime factors of 965638630?
2, 5, 11, 109, 80537
What are the prime factors of 60291241?
37, 61, 26713
List the prime factors of 205810176.
2, 3, 11, 13, 937
What are the prime factors of 363865001?
29, 1021, 12289
List the prime factors of 2210669076.
2, 3, 7, 11, 19, 125921
What are the prime factors of 1050138365?
5, 17, 1399, 8831
List the prime factors of 145346248.
2, 18168281
What are the prime factors of 185126659?
185126659
List the prime factors of 174734288.
2, 1433, 7621
List the prime factors of 272246126.
2, 17, 137, 211, 277
What are the prime factors of 1489271498?
2, 11, 13, 5207243
What are the prime factors of 31505779?
127, 248077
List the prime factors of 779703867.
3, 1049, 27529
What are the prime factors of 657141143?
211, 491, 6343
List the prime factors of 1998816947.
227, 409, 21529
What are the prime factors of 1664954890?
2, 5, 673, 247393
List the prime factors of 623186161.
13, 83, 577559
What are the prime factors of 88876896?
2, 3, 79, 11719
List the prime factors of 107938646.
2, 61, 884743
List the prime factors of 459164516.
2, 9011, 12739
List the prime factors of 706566033.
3, 5011, 15667
What are the prime factors of 3012629653?
11, 17, 233, 69143
What are the prime factors of 1140899728?
2, 23, 3100271
List the prime factors of 472034598.
2, 3, 7, 449, 25031
What are the prime factors of 979454399?
7, 11, 12720187
What are the prime factors of 338533641?
3, 12538283
What are the prime factors of 24112436?
2, 6028109
What are the prime factors of 313240954?
2, 13, 19, 634091
What are the prime factors of 1596716990?
2, 5, 11, 14515609
What are the prime factors of 189602688?
2, 3, 11, 44887
What are the prime factors of 856530684?
2, 3, 3361, 7079
List the prime factors of 168394302.
2, 3, 19, 54709
What are the prime factors of 19633413?
3, 43, 152197
What are the prime factors of 239470831?
239470831
List the prime factors of 75609671.
23, 479, 6863
List the prime factors of 3776844734.
2, 13, 1193, 121763
List the prime factors of 56863639.
7, 8123377
List the prime factors of 102084909.
3, 151, 225353
What are the prime factors of 31818581?
43, 739967
What are the prime factors of 2833695902?
2, 14779, 95869
List the prime factors of 7137064415.
5, 13, 89, 727, 1697
List the prime factors of 1010268658.
2, 7, 3307, 21821
What are the prime factors of 749150964?
2, 3, 631, 10993
List the prime factors of 1104897906.
2, 3, 7, 179, 48989
List the prime factors of 57296502.
2, 3, 3183139
What are the prime factors of 1188455622?
2, 3, 73, 2713369
List the prime factors of 2809753509.
3, 20509, 45667
List the prime factors of 193792238.
2, 96896119
List the prime factors of 70799921.
70799921
What are the prime factors of 151872149?
11, 13, 19, 55897
What are the prime factors of 293416501?
7, 1709, 24527
What are the prime factors of 4660989082?
2, 2330494541
What are the prime factors of 1464016322?
2, 732008161
List the prime factors of 115812747.
3, 29, 47, 1049
List the prime factors of 4534750862.
2, 19, 359, 332411
List the prime factors of 1895656913.
31, 167, 366169
List the prime factors of 349032462.
2, 3, 43, 1352839
List the prime factors of 85647500.
2, 5, 34259
List the prime factors of 253979827.
139, 1827193
List the prime factors of 11302820.
2, 5, 491, 1151
List the prime factors of 42599970.
2, 3, 5, 7, 67619
What are the prime factors of 99983718?
2, 3, 2089, 2659
List the prime factors of 3507265953.
3, 129898739
List the prime factors of 393220985.
5, 2339, 33623
List the prime factors of 961372.
2, 31, 7753
What are the prime factors of 5366928788?
2, 13, 1447, 71327
List the prime factors of 73833445.
5, 7, 301361
What are the prime factors of 3080232644?
2, 199, 3869639
List the prime factors of 24577171.
24577171
List the prime factors of 452522315.
5, 7, 12929209
List the prime factors of 79852733.
79852733
What are the prime factors of 114343360?
2, 5, 17, 21019
List the prime factors of 90653784.
2, 3, 13, 290557
What are the prime factors of 108380847?
3, 1153, 31333
What are the prime factors of 152006760?
2, 3, 5, 97, 1451
List the prime factors of 4298808615.
3, 5, 17, 19, 887267
What are the prime factors of 64276590?
2, 3, 5, 7, 307, 997
What are the prime factors of 42988238?
2, 2459, 8741
What are the prime factors of 251517946?
2, 263, 478171
What are the prime factors of 8345107?
31, 241, 1117
What are the prime factors of 1425278500?
2, 5, 79, 36083
What are the prime factors of 2424925?
5, 96997
List the prime factors of 246010161.
3, 29, 281, 347
What are the prime factors of 51563112?
2, 3, 19, 73, 1549
What are the prime factors of 1183141315?
5, 653, 362371
What are the prime factors of 75942498?
2, 3, 31, 281, 1453
List the prime factors of 100672722.
2, 3, 283, 19763
What are the prime factors of 77238946?
2, 38619473
List the prime factors of 537054383.
47, 11426689
What are the prime factors of 69780031?
67, 443, 2351
What are the prime factors of 31528230?
2, 3, 5, 761, 1381
What are the prime factors of 12533818?
2, 11, 131, 4349
List the prime factors of 190905018.
2, 3, 31817503
List the prime factors of 51498142.
2, 29, 73, 12163
What are the prime factors of 39521956?
2, 9880489
List the prime factors of 12330644.
2, 17, 149, 1217
List the prime factors of 93297680.
2, 5, 7, 166603
List the prime factors of 275559940.
2, 5, 709, 19433
List the prime factors of 1871469460.
2, 5, 7, 67, 127, 1571
List the prime factors of 87135380.
2, 5, 499, 8731
List the prime factors of 785640760.
2, 5, 19641019
What are the prime factors of 3590288608?
2, 112196519
What are the prime factors of 93436803?
3, 37, 280591
What are the prime factors of 1981093674?
2, 3, 7, 17, 491, 5651
What are the prime factors of 400444507?
4967, 80621
List the prime factors of 346989366.
2, 3, 977, 6577
What are the prime factors of 775767189?
3, 5023, 51481
What are the prime factors of 199958649?
3, 11, 31, 71, 2753
List the prime factors of 1361518265.
5, 3709, 73417
What are the prime factors of 3717350857?
11, 337940987
What are the prime factors of 9804198?
2, 3, 467, 3499
What are the prime factors of 4548464?
2, 271, 1049
What are the prime factors of 302649119?
19, 367, 43403
List the prime factors of 1307506524.
2, 3, 108958877
List the prime factors of 1421469592.
2, 8923, 19913
What are the prime factors of 46395340?
2, 5, 19, 83, 1471
List the prime factors of 203046308.
2, 61, 832157
List the prime factors of 34940262.
2, 3, 7, 831911
List the prime factors of 212675722.
2, 7, 2029, 7487
List the prime factors of 108445937.
108445937
List the prime factors of 48012205.
5, 9602441
What are the prime factors of 142101646?
2, 19, 139, 26903
List the prime factors of 756471718.
2, 378235859
List the prime factors of 314555122.
2, 7, 1709, 13147
List the prime factors of 20644257.
3, 43, 160033
List the prime factors of 26096893.
3457, 7549
List the prime factors of 1179562569.
3, 6911, 56893
What are the prime factors of 387891551?
149, 2603299
List the prime factors of 1896907451.
23, 47, 151, 11621
List the prime factors of 1484968152.
2, 3, 61873673
List the prime factors of 922439814.
2, 3, 4783, 32143
What are the prime factors of 323112337?
14503, 22279
What are the prime factors of 493336659?
3, 197, 337, 2477
List the prime factors of 1009182443.
1009182443
List the prime factors of 393108467.
263, 1494709
What are the prime factors of 1012130599?
5857, 172807
List the prime factors of 21520026.
2, 3, 11, 36229
What are the prime factors of 2678959854?
2, 3, 29, 373, 13759
List the prime factors of 40588402.
2, 20294201
What are the prime factors of 235655886?
2, 3, 37, 1061513
What are the prime factors of 2172495493?
7, 43, 53, 3167
List the prime factors of 188858669.
41, 112349
List the prime factors of 43818238.
2, 59, 371341
List the prime factors of 458242922.
2, 17, 13477733
What are the prime factors of 173736180?
2, 3, 5, 965201
List the prime factors of 364632630.
2, 3, 5, 163, 74567
What are the prime factors of 12373086?
2, 3, 11, 187471
List the prime factors of 917976735.
3, 5, 13, 19, 6353
List the prime factors of 904111657.
71, 277, 45971
List the prime factors of 4775899825.
5, 191035993
What are the prime factors of 3412223444?
2, 7, 